700?
0
What is the hundreds digit of 891?
8
What is the hundreds digit of 27943?
9
What is the units digit of 3278?
8
What is the units digit of 61332?
2
What is the hundreds digit of 5511?
5
What is the tens digit of 1095?
9
What is the thousands digit of 2648?
2
What is the ten thousands digit of 27642?
2
What is the ten thousands digit of 66826?
6
What is the units digit of 145267?
7
What is the hundreds digit of 14970?
9
What is the hundreds digit of 6842?
8
What is the hundreds digit of 15447?
4
What is the thousands digit of 5771?
5
What is the units digit of 702?
2
What is the tens digit of 244?
4
What is the thousands digit of 1440?
1
What is the thousands digit of 1576?
1
What is the thousands digit of 4312?
4
What is the hundreds digit of 6525?
5
What is the thousands digit of 14506?
4
What is the ten thousands digit of 66732?
6
What is the hundreds digit of 3168?
1
What is the units digit of 1411?
1
What is the ten thousands digit of 10171?
1
What is the tens digit of 136?
3
What is the hundreds digit of 651?
6
What is the units digit of 597?
7
What is the units digit of 236?
6
What is the ten thousands digit of 12553?
1
What is the thousands digit of 3160?
3
What is the hundreds digit of 5681?
6
What is the units digit of 3660?
0
What is the hundreds digit of 4202?
2
What is the tens digit of 17501?
0
What is the units digit of 8281?
1
What is the units digit of 132339?
9
What is the units digit of 6723?
3
What is the ten thousands digit of 38199?
3
What is the units digit of 56788?
8
What is the units digit of 33551?
1
What is the thousands digit of 7415?
7
What is the units digit of 7469?
9
What is the hundreds digit of 587?
5
What is the units digit of 54007?
7
What is the hundreds digit of 10501?
5
What is the units digit of 430?
0
What is the thousands digit of 43855?
3
What is the tens digit of 83845?
4
What is the tens digit of 89?
8
What is the hundreds digit of 3943?
9
What is the hundreds digit of 603?
6
What is the hundreds digit of 26167?
1
What is the units digit of 38077?
7
What is the thousands digit of 2958?
2
What is the units digit of 6050?
0
What is the thousands digit of 1601?
1
What is the ten thousands digit of 11927?
1
What is the tens digit of 162919?
1
What is the thousands digit of 24014?
4
What is the hundreds digit of 1407?
4
What is the thousands digit of 38702?
8
What is the thousands digit of 2961?
2
What is the ten thousands digit of 19329?
1
What is the thousands digit of 4457?
4
What is the ten thousands digit of 19414?
1
What is the hundreds digit of 39335?
3
What is the units digit of 7239?
9
What is the tens digit of 440?
4
What is the ten thousands digit of 208823?
0
What is the tens digit of 2767?
6
What is the tens digit of 2225?
2
What is the units digit of 1038?
8
What is the thousands digit of 17602?
7
What is the hundreds digit of 1017?
0
What is the thousands digit of 50266?
0
What is the hundreds digit of 127?
1
What is the hundreds digit of 4869?
8
What is the thousands digit of 9545?
9
What is the thousands digit of 9298?
9
What is the tens digit of 50741?
4
What is the tens digit of 4852?
5
What is the hundreds digit of 170959?
9
What is the thousands digit of 1454?
1
What is the units digit of 5824?
4
What is the units digit of 2571?
1
What is the hundreds digit of 21953?
9
What is the units digit of 109?
9
What is the hundreds digit of 1902?
9
What is the tens digit of 5665?
6
What is the ten thousands digit of 45714?
4
What is the units digit of 741?
1
What is the tens digit of 658?
5
What is the hundreds digit of 2794?
7
What is the thousands digit of 35053?
5
What is the hundreds digit of 624?
6
What is the units digit of 779?
9
What is the thousands digit of 7058?
7
What is the units digit of 3990?
0
What is the units digit of 156?
6
What is the units digit of 34417?
7
What is the thousands digit of 11074?
1
What is the tens digit of 690?
9
What is the hundreds digit of 23369?
3
What is the units digit of 931?
1
What is the hundreds digit of 191?
1
What is the tens digit of 526?
2
What is the thousands digit of 14585?
4
What is the thousands digit of 1145?
1
What is the thousands digit of 39585?
9
What is the hundreds digit of 1929?
9
What is the hundreds digit of 544?
5
What is the ten thousands digit of 26304?
2
What is the units digit of 485?
5
What is the thousands digit of 1677?
1
What is the hundred thousands digit of 107444?
1
What is the units digit of 470?
0
What is the units digit of 884?
4
What is the units digit of 1195?
5
What is the tens digit of 112?
1
What is the units digit of 10248?
8
What is the hundreds digit of 567?
5
What is the tens digit of 8294?
9
What is the thousands digit of 1297?
1
What is the hundreds digit of 8915?
9
What is the hundreds digit of 6820?
8
What is the units digit of 141257?
7
What is the units digit of 41?
1
What is the hundreds digit of 52945?
9
What is the ten thousands digit of 36525?
3
What is the hundreds digit of 55871?
8
What is the tens digit of 9688?
8
What is the hundreds digit of 9147?
1
What is the units digit of 4732?
2
What is the hundreds digit of 710?
7
What is the units digit of 57350?
0
What is the hundreds digit of 22540?
5
What is the units digit of 107510?
0
What is the tens digit of 998?
9
What is the units digit of 4775?
5
What is the units digit of 1426?
6
What is the units digit of 4813?
3
What is the hundreds digit of 123418?
4
What is the thousands digit of 2162?
2
What is the hundreds digit of 3132?
1
What is the ten thousands digit of 12757?
1
What is the tens digit of 7622?
2
What is the hundreds digit of 589?
5
What is the tens digit of 3155?
5
What is the thousands digit of 39556?
9
What is the ten thousands digit of 40504?
4
What is the thousands digit of 14125?
4
What is the units digit of 10997?
7
What is the tens digit of 36423?
2
What is the units digit of 774?
4
What is the thousands digit of 2521?
2
What is the tens digit of 210?
1
What is the tens digit of 6482?
8
What is the hundreds digit of 4612?
6
What is the thousands digit of 1747?
1
What is the tens digit of 92135?
3
What is the thousands digit of 9159?
9
What is the ten thousands digit of 11255?
1
What is the tens digit of 704?
0
What is the tens digit of 4343?
4
What is the hundreds digit of 1081?
0
What is the hundreds digit of 1136?
1
What is the thousands digit of 1864?
1
What is the hundreds digit of 1616?
6
What is the hundreds digit of 14987?
9
What is the hundreds digit of 721?
7
What is the hundreds digit of 1629?
6
What is the ten thousands digit of 16376?
1
What is the units digit of 26763?
3
What is the hundreds digit of 1002?
0
What is the hundreds digit of 1865?
8
What is the units digit of 50495?
5
What is the thousands digit of 109630?
9
What is the hundreds digit of 70966?
9
What is the hundreds digit of 2587?
5
What is the units digit of 4540?
0
What is the thousands digit of 5740?
5
What is the tens digit of 70018?
1
What is the tens digit of 2516?
1
What is the hundreds digit of 298?
2
What is the ten thousands digit of 20047?
2
What is the units digit of 6306?
6
What is the hundreds digit of 35073?
0
What is the hundreds digit of 51018?
0
What is the ten thousands digit of 48479?
4
What is the units digit of 8302?
2
What is the thousands digit of 2322?
2
What is the hundreds digit of 1458?
4
What is the tens digit of 7727?
2
What is the hundreds digit of 24666?
6
What is the ten thousands digit of 15185?
1
What is the thousands digit of 3491?
3
What is the units digit of 9996?
6
What is the hundreds digit of 3748?
7
What is the tens digit of 2621?
2
What is the thousands digit of 1502?
1
What is the ten thousands digit of 84051?
8
What is the tens digit of 3254?
5
What is the thousands digit of 1943?
1
What is the units digit of 103543?
3
What is the thousands digit of 5418?
5
What is the thousands digit of 4269?
4
What is the thousands digit of 2224?
2
What is the hundreds digit of 2679?
6
What is the thousands digit of 6536?
6
What is the tens digit of 4797?
9
What is the ten thousands digit of 144803?
4
What is the hundreds digit of 510?
5
What is the hundreds digit of 3820?
8
What is the tens digit of 21321?
2
What is the hundreds digit of 4988?
9
What is the hundreds digit of 5930?
9
What is the tens digi